9 + -1. What is the remainder when 35 is divided by d?
17
Let z = 146 - 138. What is the remainder when 11 is divided by z?
3
What is the remainder when 4 + -9 + 27 + (-4)/(-2) is divided by 5?
4
Let h(s) = -40*s. Suppose -3*x + 4*k + 34 = 0, -3*x + 10 = -2*x - 2*k. What is the remainder when h(-1) is divided by x?
12
Suppose -4*p + 6*p = 22. Calculate the remainder when 19 is divided by p.
8
Let a(l) = 2*l**3 - 2*l**3 - 7*l**2 + l**3 + 4. Let n be a(7). Suppose -2*p = p - 15, -n*p - 30 = -2*q. Calculate the remainder when q is divided by 13.
12
Suppose 4*j = -24 - 28. Let h = j - -24. Let q(a) = 2*a. What is the remainder when h is divided by q(3)?
5
Let m(l) = -l**2 - 11*l + 13. Suppose -3*s = 22 + 11. Calculate the remainder when 63 is divided by m(s).
11
Let o(j) = -15*j - 5. Let w be o(-4). Suppose 2 = n - 3. Suppose n*a = -5*p + w, -5*a + p + 52 + 21 = 0. Calculate the remainder when 40 is divided by a.
12
Suppose -4*a - 19 = y, 5*y - 2*a = -59 + 8. Let v = -5 - y. Calculate the remainder when (v/(-4))/(6/(-136)) is divided by 18.
16
Suppose -p + l + 13 = -14, l = -5*p + 123. What is the remainder when p is divided by 9?
7
Suppose 5*d - 4*w - 357 = 0, 2*w - 3*w = 3. Calculate the remainder when d is divided by 18.
15
Let m = -39 - -89. What is the remainder when m is divided by 17?
16
Suppose -5*h + 80 = 5*o, -h + 17 = 4*o - 47. Suppose -248 = -8*y + 120. What is the remainder when y is divided by o?
14
Let t be 4*-1*3/6. Calculate the remainder when (-344)/(-12) - t/6 is divided by (0 - 2)/((-6)/30).
9
Let b = -100 + 109. What is the remainder when 43 is divided by b?
7
Suppose 0 = -4*c + 3 + 1. Let q(f) = -2 - f**2 + f + c + 0*f + 17*f**3. Calculate the remainder when q(1) is divided by 6.
4
What is the remainder when 26 is divided by 4/(-20) - (-138)/15?
8
Let i be 0/(-1 - (2 + -4)). Suppose p - 161 = -i*p + 5*w, -2*p + 347 = -5*w. Suppose p = 5*d + 46. What is the remainder when d is divided by 15?
13
Suppose -5*m = -3*m - 284. What is the remainder when m is divided by 48?
46
Calculate the remainder when 1*2 - 30*(-8)/6 is divided by 11.
9
Suppose 127 = 2*g - 3*i, g + i - 68 = 4*i. What is the remainder when g is divided by 20?
19
Suppose 6*x - 9*x = -3. Let p = 14 + x. Let n = 81 + -37. What is the remainder when n is divided by p?
14
Let h be 4/5*(-30)/(-6). Suppose h*v = 250 - 50. Calculate the remainder when v is divided by 26.
24
Let j be (-1)/2*0 + 4. Suppose -25 - 7 = -j*y. What is the remainder when 13 is divided by y?
5
Let k(y) = 9*y**2 + 2*y - 1. Suppose 2*c + 4 = 60. Suppose 3 - c = -s. Calculate the remainder when k(-3) is divided by s.
24
Let z(o) = -o**2 + 22*o + 39. Calculate the remainder when 29 is divided by z(23).
13
Suppose -4*i + 50 + 22 = 0. Suppose -2*n = 4*p - 138, 0 = 2*p - n - 51 - 16. What is the remainder when p is divided by i?
16
Suppose 3*x = 4*x - 5*y - 6, 2*y - 60 = -2*x. What is the remainder when x is divided by 7?
5
Suppose 0*y - 67 = -4*y - 3*d, 5*d - 25 = 0. Calculate the remainder when 220 is divided by y.
12
Let b(j) = j**3 + 15*j**2 - 2*j - 17. Let q(y) = 3*y**2 - y - 1. What is the remainder when q(3) is divided by b(-15)?
10
Let t be (-59 + -2)*(-2 + -15). Let z(k) = -k**2 - 5*k + 6. Calculate the remainder when t/68 + 1/(-4) is divided by z(-5).
3
Let z(x) = x**3 - 8*x**2 + 4*x. Suppose 2 = p - 2. Let d(j) = 3*j - 1. What is the remainder when z(8) is divided by d(p)?
10
Let a(d) = -4*d - 5. Let l be a(-4). Suppose -5 = -t - 5*u + l, t = -2*u + 13. What is the remainder when t is divided by 4?
3
Calculate the remainder when (-1032)/(-30) - (-6)/(-15) is divided by 19.
15
Let b be (-53)/2 - 2/4. Let w = b + 83. Suppose 3*c + 66 = 3*i, 4*i - i - w = c. What is the remainder when i is divided by 6?
5
Let c = 41 + 6. Suppose 0 = x - 3*h - 12, 6*x = 3*x - 5*h + 36. Calculate the remainder when c is divided by x.
11
Let u(j) = 16*j - 1. Let m(q) = q**2 - 2*q + 6. Calculate the remainder when u(1) is divided by m(3).
6
Let n = -12 - -27. Suppose -4*x + 114 = 2*u, -3*u + 3 = -12. Calculate the remainder when x is divided by -2 + n + 0 + 1.
12
Let t(v) = -7*v - 7. What is the remainder when t(-6) is divided by 36/1*(-1)/(-2)?
17
Let b(r) = r - 3. Let m be b(8). Suppose m = 3*c + 2. What is the remainder when (c - 2)*(1 + -41) is divided by 14?
12
Let z(c) = 44*c**3 - 2*c + 1. What is the remainder when z(1) is divided by -1 + 8*(0 + 2)?
13
Suppose 4 = -4*y - 0*y. Let d(g) = 11*g**2 + 2*g + 1. Suppose -2*a = -a - 39. What is the remainder when a is divided by d(y)?
9
Calculate the remainder when 31 is divided by (3 + -2)*(13 + -2).
9
Let m be (-1)/(3/(-9)) + 0. Suppose 0 = -f + m + 4. What is the remainder when 18 is divided by f?
4
Calculate the remainder when (2/(-8))/(7/(-532)) is divided by 7.
5
Let v(n) = -6*n**3 + n - 2. What is the remainder when v(-2) is divided by 15?
14
Let q(o) = -2*o**3 - 2*o**2 - 3. Let d = 16 - -2. What is the remainder when q(-3) is divided by d?
15
Calculate the remainder when 43 is divided by (-1*12)/(-2) + -4 + 1.
1
Let p be (-3)/(-1 + -2)*3. Suppose 13 = -2*l + p*l. Suppose -h = 4*q + 3, 0*h = -5*h + 2*q + 29. What is the remainder when l is divided by h?
3
Let y = -12 + 33. Calculate the remainder when 81 is divided by y.
18
Let m = 138 + 17. What is the remainder when m is divided by 40?
35
What is the remainder when 78 is divided by (-8)/(-44) + 460/11?
36
Let s(o) = 13*o - 4. Let x be s(-3). Let c = x + 70. Suppose -5*w - 5*q = -38 - 17, -w + q = -19. What is the remainder when c is divided by w?
12
Let v be ((-10)/(-3))/((-1)/6). Suppose -255 = -2*g - 3*g. Let o = v + g. What is the remainder when o is divided by 11?
9
Let x(f) = 3*f - 15. Let z(i) = 35*i**2 - 1. Calculate the remainder when z(-1) is divided by x(9).
10
Suppose 2*w - 3*w = -17. What is the remainder when 47 is divided by w?
13
Let u(j) = 12*j - 74. Calculate the remainder when u(9) is divided by 15.
4
Suppose -4*x - 3*d = 5, -x + 3*d = -4*x - 3. Let r be x - (-1)/2*0. Calculate the remainder when r/(-8) - 111/(-4) is divided by 10.
8
Let w = 124 + -66. Calculate the remainder when w is divided by 9.
4
Let q = 131 + -29. Let h = -66 + q. Calculate the remainder when h is divided by 19.
17
Suppose -2*p = 5*q - 26, p + 4*q - 13 = 2*p. Suppose -a - p*a = -8. Calculate the remainder when a is divided by 2.
0
Let f = -28 - -55. Suppose 0 = 2*g + 2*i + 1 - f, -i + 5 = 0. What is the remainder when 22 is divided by g?
6
Let z be (1 + 1)/((-3)/(-3)). Suppose z*r = 221 - 59. What is the remainder when r is divided by 21?
18
What is the remainder when 48 is divided by 3*(4 + 116/(-12))*-1?
14
What is the remainder when 43 is divided by 250/10 + -2*1?
20
Suppose 20 + 373 = 3*m. Calculate the remainder when m is divided by 33.
32
Let l = 30 + -20. Suppose -5 = -5*y + 5*m, 0 = m - 5*m + 12. What is the remainder when l is divided by y?
2
Let b(z) = 2*z + 17. Let n(i) = i**3 - 5*i**2 - i - 4. Calculate the remainder when n(6) is divided by b(-4).
8
Suppose 9*t + 50 - 185 = 0. What is the remainder when t is divided by 8?
7
Let z = -43 - -63. Calculate the remainder when 57 is divided by z.
17
Suppose 2*c = 6 - 0. Let x be 2*c*3/6. Suppose -2*s - 22 = -x*s + 3*f, 34 = 2*s - 4*f. What is the remainder when 20 is divided by s?
6
Suppose b - 8 = -3*j, -4 = j - 0. Let o = -18 + b. What is the remainder when 5 is divided by o?
1
Suppose 6*f - 3*f - 51 = 0. Let s = f + -9. What is the remainder when (46/6)/(1/3) is divided by s?
7
Let o(l) = 18*l**2. Let m be o(2). Let y = 17 + -12. Suppose 2*k = y*k - m. What is the remainder when k is divided by 13?
11
Suppose -4*a + 279 = 4*q - 109, 0 = 4*a - 2*q - 382. Suppose -36 = -4*d + a. What is the remainder when d is divided by 17?
16
Let n = -6 + 32. What is the remainder when 50 is divided by n?
24
Let z = -22 - -19. What is the remainder when (-92)/z + 6/(-9) is divided by 11?
8
Let s = -16 - -35. What is the remainder when s is divided by 8?
3
Let b = -6 - 6. Calculate the remainder when 8/b + (-40)/(-6) is divided by 3.
0
Suppose -51 = -3*w - 9. Suppose g - 5*o = -3*g + 94, -3*o + 58 = 2*g. Calculate the remainder when g is divided by w.
12
Suppose 4*j + 26 = -2*b, -4*j - 56 = -0*j - 4*b. Let w be ((-8)/(-3))/((-6)/j). Suppose -w - 12 = -2*f. What is the rema